{"id":186,"date":"2021-10-31T12:26:05","date_gmt":"2021-10-31T11:26:05","guid":{"rendered":"https:\/\/cairngold.de\/?page_id=186"},"modified":"2021-12-22T14:09:51","modified_gmt":"2021-12-22T13:09:51","slug":"d-wurf","status":"publish","type":"page","link":"https:\/\/cairngold.de\/index.php\/d-wurf\/","title":{"rendered":"D-Wurf"},"content":{"rendered":"\t\t<div data-elementor-type=\"wp-page\" data-elementor-id=\"186\" class=\"elementor elementor-186\" data-elementor-settings=\"[]\">\n\t\t\t\t\t\t\t<div class=\"elementor-section-wrap\">\n\t\t\t\t\t\t\t<section class=\"elementor-section elementor-top-section elementor-element elementor-element-6047c7a2 elementor-section-boxed elementor-section-height-default elementor-section-height-default\" data-id=\"6047c7a2\" data-element_type=\"section\">\n\t\t\t\t\t\t<div class=\"elementor-container elementor-column-gap-default\">\n\t\t\t\t\t<div class=\"elementor-column elementor-col-100 elementor-top-column elementor-element elementor-element-45f008cb\" data-id=\"45f008cb\" data-element_type=\"column\">\n\t\t\t<div class=\"elementor-widget-wrap elementor-element-populated\">\n\t\t\t\t\t\t\t\t<div class=\"elementor-element elementor-element-1b9f2d0 elementor-widget elementor-widget-text-editor\" data-id=\"1b9f2d0\" data-element_type=\"widget\" data-widget_type=\"text-editor.default\">\n\t\t\t\t<div class=\"elementor-widget-container\">\n\t\t\t\t\t\t\t<!-- wp:heading {\"level\":4} -->\n<h4>Cairngold&#8217;s D-Wurf 13. Oktober 2020<\/h4>\n<!-- \/wp:heading --><!-- wp:heading {\"level\":4} -->\n<h4>Eltern: Kaliture Jolly Be Good und Cairngold&#8217;s Aberdeen Fay (Wurfwiederholung C-Wurf)<\/h4>\n<!-- \/wp:heading --><!-- wp:heading {\"level\":4} -->\n<h4>5 R\u00fcden und 4 H\u00fcndinnen<\/h4>\n<!-- \/wp:heading --><!-- wp:heading {\"level\":4} -->\n<h4>1) R\u00fcde blau &#8222;Drymen Lui&#8220;<\/h4>\n<!-- \/wp:heading --><!-- wp:paragraph -->\n<p>Gesundheit: A2\/A2<br \/>Pr\u00fcfungen: APD\/A<br \/>Besitzer: Justus Loges<\/p>\n<p><img decoding=\"async\" src=\"https:\/\/cairngold.de\/wp-content\/uploads\/2021\/11\/Lui.jpg\" \/><\/p>\n<!-- \/wp:paragraph --><!-- wp:image {\"id\":187,\"sizeSlug\":\"full\",\"linkDestination\":\"none\"} -->\n<figure class=\"wp-block-image size-full\"><img loading=\"lazy\" decoding=\"async\" width=\"600\" height=\"400\" class=\"wp-image-187\" src=\"https:\/\/cairngold.de\/wp-content\/uploads\/2021\/10\/56173429.jpg\" alt=\"\" srcset=\"https:\/\/cairngold.de\/wp-content\/uploads\/2021\/10\/56173429.jpg 600w, https:\/\/cairngold.de\/wp-content\/uploads\/2021\/10\/56173429-300x200.jpg 300w\" sizes=\"auto, (max-width: 600px) 100vw, 600px\" \/><\/figure>\n<!-- \/wp:image --><!-- wp:heading {\"level\":4} -->\n<h4>2) R\u00fcde schwarz &#8222;Dunnet Nic&#8220;<\/h4>\n<!-- \/wp:heading --><!-- wp:paragraph -->\n<p>Gesundheit: A1\/A2, ED: 0\/0, OCD frei<br \/>Besitzer: Marcus Kaufmann<\/p>\n<p><img decoding=\"async\" src=\"https:\/\/cairngold.de\/wp-content\/uploads\/2021\/11\/Nic.jpg\" \/><\/p>\n<!-- \/wp:paragraph --><!-- wp:image {\"id\":188,\"sizeSlug\":\"full\",\"linkDestination\":\"none\"} -->\n<figure class=\"wp-block-image size-full\"><img loading=\"lazy\" decoding=\"async\" width=\"600\" height=\"400\" class=\"wp-image-188\" src=\"https:\/\/cairngold.de\/wp-content\/uploads\/2021\/10\/56173439.jpg\" alt=\"\" srcset=\"https:\/\/cairngold.de\/wp-content\/uploads\/2021\/10\/56173439.jpg 600w, https:\/\/cairngold.de\/wp-content\/uploads\/2021\/10\/56173439-300x200.jpg 300w\" sizes=\"auto, (max-width: 600px) 100vw, 600px\" \/><\/figure>\n<!-- \/wp:image --><!-- wp:heading {\"level\":4} -->\n<h4>3) R\u00fcde gr\u00fcn &#8222;Dundee Dexter&#8220;<\/h4>\n<!-- \/wp:heading --><!-- wp:paragraph -->\n<p>Gesundheit: A2\/A2, ED: 0\/0<br \/>Besitzer: Christian Keller<\/p>\n<p><img loading=\"lazy\" decoding=\"async\" class=\"\" src=\"https:\/\/cairngold.de\/wp-content\/uploads\/2021\/11\/Dexter.jpg\" width=\"243\" height=\"324\" \/><\/p>\n<!-- \/wp:paragraph --><!-- wp:image {\"id\":189,\"sizeSlug\":\"full\",\"linkDestination\":\"none\"} -->\n<figure class=\"wp-block-image size-full\"><img loading=\"lazy\" decoding=\"async\" width=\"600\" height=\"400\" class=\"wp-image-189\" src=\"https:\/\/cairngold.de\/wp-content\/uploads\/2021\/10\/56173444.jpg\" alt=\"\" srcset=\"https:\/\/cairngold.de\/wp-content\/uploads\/2021\/10\/56173444.jpg 600w, https:\/\/cairngold.de\/wp-content\/uploads\/2021\/10\/56173444-300x200.jpg 300w\" sizes=\"auto, (max-width: 600px) 100vw, 600px\" \/><\/figure>\n<!-- \/wp:image --><!-- wp:heading {\"level\":4} -->\n<h4>4) R\u00fcde braun &#8222;Dunbar Finlay&#8220;<\/h4>\n<!-- \/wp:heading --><!-- wp:paragraph -->\n<p>Gesundheit: A2\/A2, ED: 0\/0, OCD frei<br \/>Pr\u00fcfungen: JAS<br \/>Besitzer: Christian Baur =&gt; Astrid Baur<\/p>\n<p><img decoding=\"async\" src=\"https:\/\/cairngold.de\/wp-content\/uploads\/2021\/11\/Finlay.jpg\" \/><\/p>\n<!-- \/wp:paragraph --><!-- wp:image {\"id\":190,\"sizeSlug\":\"full\",\"linkDestination\":\"none\"} -->\n<figure class=\"wp-block-image size-full\"><img loading=\"lazy\" decoding=\"async\" width=\"300\" height=\"450\" class=\"wp-image-190\" src=\"https:\/\/cairngold.de\/wp-content\/uploads\/2021\/10\/56173449.jpg\" alt=\"\" srcset=\"https:\/\/cairngold.de\/wp-content\/uploads\/2021\/10\/56173449.jpg 300w, https:\/\/cairngold.de\/wp-content\/uploads\/2021\/10\/56173449-200x300.jpg 200w\" sizes=\"auto, (max-width: 300px) 100vw, 300px\" \/><\/figure>\n<!-- \/wp:image --><!-- wp:heading {\"level\":4} -->\n<h4>5) R\u00fcde gelb &#8222;Dalton Cairon&#8220;<\/h4>\n<!-- \/wp:heading --><!-- wp:paragraph -->\n<p>Gesundheit: A1\/A1, ED: 0\/0<br \/>Besitzer: Sylvia Leitner<\/p>\n<p><img loading=\"lazy\" decoding=\"async\" class=\"\" src=\"https:\/\/cairngold.de\/wp-content\/uploads\/2021\/11\/Cairon.jpg\" width=\"224\" height=\"296\" \/><\/p>\n<!-- \/wp:paragraph --><!-- wp:image {\"id\":191,\"sizeSlug\":\"full\",\"linkDestination\":\"none\"} -->\n<figure class=\"wp-block-image size-full\"><img loading=\"lazy\" decoding=\"async\" width=\"600\" height=\"400\" class=\"wp-image-191\" src=\"https:\/\/cairngold.de\/wp-content\/uploads\/2021\/10\/56173454.jpg\" alt=\"\" srcset=\"https:\/\/cairngold.de\/wp-content\/uploads\/2021\/10\/56173454.jpg 600w, https:\/\/cairngold.de\/wp-content\/uploads\/2021\/10\/56173454-300x200.jpg 300w\" sizes=\"auto, (max-width: 600px) 100vw, 600px\" \/><\/figure>\n<!-- \/wp:image --><!-- wp:heading {\"level\":4} -->\n<h4>6) H\u00fcndin rot &#8222;Dunyvaig Indaal&#8220;<\/h4>\n<!-- \/wp:heading --><!-- wp:paragraph -->\n<p>Gesundheit: A1\/A1, ED: 0\/0, OCD frei, NCL5 frei, PRA1 und PRA2 frei, Ichtyose frei<br \/>Besitzer: Heike und Dieter Karrenbauer<\/p>\n<p><img decoding=\"async\" src=\"https:\/\/cairngold.de\/wp-content\/uploads\/2021\/11\/Indaal.jpg\" \/><\/p>\n<!-- \/wp:paragraph --><!-- wp:image {\"id\":192,\"sizeSlug\":\"full\",\"linkDestination\":\"none\"} -->\n<figure class=\"wp-block-image size-full\"><img loading=\"lazy\" decoding=\"async\" width=\"600\" height=\"400\" class=\"wp-image-192\" src=\"https:\/\/cairngold.de\/wp-content\/uploads\/2021\/10\/56173469.jpg\" alt=\"\" srcset=\"https:\/\/cairngold.de\/wp-content\/uploads\/2021\/10\/56173469.jpg 600w, https:\/\/cairngold.de\/wp-content\/uploads\/2021\/10\/56173469-300x200.jpg 300w\" sizes=\"auto, (max-width: 600px) 100vw, 600px\" \/><\/figure>\n<!-- \/wp:image --><!-- wp:heading {\"level\":4} -->\n<h4>7) H\u00fcndin rosa &#8222;Dornie Page&#8220;<\/h4>\n<!-- \/wp:heading --><!-- wp:paragraph -->\n<p>Besitzer: Ute Walcher<\/p>\n<p><img decoding=\"async\" src=\"https:\/\/cairngold.de\/wp-content\/uploads\/2021\/11\/Page.jpg\" \/><\/p>\n<!-- \/wp:paragraph --><!-- wp:image {\"id\":193,\"sizeSlug\":\"full\",\"linkDestination\":\"none\"} -->\n<figure class=\"wp-block-image size-full\"><img loading=\"lazy\" decoding=\"async\" width=\"600\" height=\"400\" class=\"wp-image-193\" src=\"https:\/\/cairngold.de\/wp-content\/uploads\/2021\/10\/56173509-1.jpg\" alt=\"\" srcset=\"https:\/\/cairngold.de\/wp-content\/uploads\/2021\/10\/56173509-1.jpg 600w, https:\/\/cairngold.de\/wp-content\/uploads\/2021\/10\/56173509-1-300x200.jpg 300w\" sizes=\"auto, (max-width: 600px) 100vw, 600px\" \/><\/figure>\n<!-- \/wp:image --><!-- wp:heading {\"level\":4} -->\n<h4>8) H\u00fcndin orange &#8222;Dee Jolene&#8220;<\/h4>\n<!-- \/wp:heading --><!-- wp:paragraph -->\n<p>Gesundheit: A1\/A1, ED:0\/0, OCD frei<br \/>Pr\u00fcfungen: JAS, APD\/A<br \/>Besitzer: Tanja K\u00f6der<\/p>\n<p><img decoding=\"async\" src=\"https:\/\/cairngold.de\/wp-content\/uploads\/2021\/11\/f877af1d-9eeb-4c32-9a3d-1e1be95f93a2.jpg\" \/><\/p>\n<!-- \/wp:paragraph --><!-- wp:image {\"id\":194,\"sizeSlug\":\"full\",\"linkDestination\":\"none\"} -->\n<figure class=\"wp-block-image size-full\"><img loading=\"lazy\" decoding=\"async\" width=\"600\" height=\"400\" class=\"wp-image-194\" src=\"https:\/\/cairngold.de\/wp-content\/uploads\/2021\/10\/56173519.jpg\" alt=\"\" srcset=\"https:\/\/cairngold.de\/wp-content\/uploads\/2021\/10\/56173519.jpg 600w, https:\/\/cairngold.de\/wp-content\/uploads\/2021\/10\/56173519-300x200.jpg 300w\" sizes=\"auto, (max-width: 600px) 100vw, 600px\" \/><\/figure>\n<!-- \/wp:image --><!-- wp:heading {\"level\":4} -->\n<h4>9) H\u00fcndin wei\u00df &#8222;Deeside Reeva&#8220;<\/h4>\n<!-- \/wp:heading --><!-- wp:paragraph -->\n<p>Gesundheit: A1\/A1, ED: 0\/0, OCD frei<br \/>Besitzer: Heike Mayer<\/p>\n<p><img decoding=\"async\" src=\"https:\/\/cairngold.de\/wp-content\/uploads\/2021\/11\/Reeva-1.jpg\" \/><\/p>\n<!-- \/wp:paragraph --><!-- wp:image {\"id\":195,\"sizeSlug\":\"full\",\"linkDestination\":\"none\"} -->\n<figure class=\"wp-block-image size-full\"><img loading=\"lazy\" decoding=\"async\" width=\"600\" height=\"400\" class=\"wp-image-195\" src=\"https:\/\/cairngold.de\/wp-content\/uploads\/2021\/10\/56173529.jpg\" alt=\"\" srcset=\"https:\/\/cairngold.de\/wp-content\/uploads\/2021\/10\/56173529.jpg 600w, https:\/\/cairngold.de\/wp-content\/uploads\/2021\/10\/56173529-300x200.jpg 300w\" sizes=\"auto, (max-width: 600px) 100vw, 600px\" \/><\/figure>\n<!-- \/wp:image --><!-- wp:paragraph -->\n<p>\u00a0<\/p>\n<!-- \/wp:paragraph -->\t\t\t\t\t\t<\/div>\n\t\t\t\t<\/div>\n\t\t\t\t\t<\/div>\n\t\t<\/div>\n\t\t\t\t\t\t\t<\/div>\n\t\t<\/section>\n\t\t\t\t\t\t<\/div>\n\t\t\t\t\t<\/div>\n\t\t","protected":false},"excerpt":{"rendered":"<p>Cairngold&#8217;s D-Wurf 13. Oktober 2020 Eltern: Kaliture Jolly Be Good und Cairngold&#8217;s Aberdeen Fay (Wurfwiederholung C-Wurf) 5 R\u00fcden und 4 H\u00fcndinnen 1) R\u00fcde blau &hellip; <a href=\"https:\/\/cairngold.de\/index.php\/d-wurf\/\" class=\"readmore\">More <span class=\"screen-reader-text\">D-Wurf<\/span> &raquo;<\/a><\/p>\n","protected":false},"author":1,"featured_media":0,"parent":0,"menu_order":0,"comment_status":"closed","ping_status":"closed","template":"","meta":{"footnotes":""},"class_list":["post-186","page","type-page","status-publish","hentry"],"_links":{"self":[{"href":"https:\/\/cairngold.de\/index.php\/wp-json\/wp\/v2\/pages\/186","targetHints":{"allow":["GET"]}}],"collection":[{"href":"https:\/\/cairngold.de\/index.php\/wp-json\/wp\/v2\/pages"}],"about":[{"href":"https:\/\/cairngold.de\/index.php\/wp-json\/wp\/v2\/types\/page"}],"author":[{"embeddable":true,"href":"https:\/\/cairngold.de\/index.php\/wp-json\/wp\/v2\/users\/1"}],"replies":[{"embeddable":true,"href":"https:\/\/cairngold.de\/index.php\/wp-json\/wp\/v2\/comments?post=186"}],"version-history":[{"count":43,"href":"https:\/\/cairngold.de\/index.php\/wp-json\/wp\/v2\/pages\/186\/revisions"}],"predecessor-version":[{"id":1082,"href":"https:\/\/cairngold.de\/index.php\/wp-json\/wp\/v2\/pages\/186\/revisions\/1082"}],"wp:attachment":[{"href":"https:\/\/cairngold.de\/index.php\/wp-json\/wp\/v2\/media?parent=186"}],"curies":[{"name":"wp","href":"https:\/\/api.w.org\/{rel}","templated":true}]}}