{"id":464,"date":"2021-11-01T13:07:32","date_gmt":"2021-11-01T12:07:32","guid":{"rendered":"https:\/\/cairngold.de\/?page_id=464"},"modified":"2021-11-02T13:44:40","modified_gmt":"2021-11-02T12:44:40","slug":"2014-2","status":"publish","type":"page","link":"https:\/\/cairngold.de\/index.php\/2014-2\/","title":{"rendered":"2014"},"content":{"rendered":"\t\t<div data-elementor-type=\"wp-page\" data-elementor-id=\"464\" class=\"elementor elementor-464\" data-elementor-settings=\"[]\">\n\t\t\t\t\t\t\t<div class=\"elementor-section-wrap\">\n\t\t\t\t\t\t\t<section class=\"elementor-section elementor-top-section elementor-element elementor-element-38f17c0 elementor-section-boxed elementor-section-height-default elementor-section-height-default\" data-id=\"38f17c0\" data-element_type=\"section\">\n\t\t\t\t\t\t<div class=\"elementor-container elementor-column-gap-default\">\n\t\t\t\t\t<div class=\"elementor-column elementor-col-100 elementor-top-column elementor-element elementor-element-5b10c9f\" data-id=\"5b10c9f\" data-element_type=\"column\">\n\t\t\t<div class=\"elementor-widget-wrap elementor-element-populated\">\n\t\t\t\t\t\t\t\t<div class=\"elementor-element elementor-element-e16d5d0 elementor-widget elementor-widget-text-editor\" data-id=\"e16d5d0\" data-element_type=\"widget\" data-widget_type=\"text-editor.default\">\n\t\t\t\t<div class=\"elementor-widget-container\">\n\t\t\t\t\t\t\t<h2><br \/>Dezember<\/h2><p>31. Dezember: England<br \/>Bonniebrook&#8217;s Cairn Shania wurde heute von Echobrook Dexster gedeckt!<br \/>Wenn alles klappt werden Anfang M\u00e4rz Cairngold&#8217;s A-chen erwartet!<\/p>\t\t\t\t\t\t<\/div>\n\t\t\t\t<\/div>\n\t\t\t\t\t<\/div>\n\t\t<\/div>\n\t\t\t\t\t\t\t<\/div>\n\t\t<\/section>\n\t\t\t\t<section class=\"elementor-section elementor-top-section elementor-element elementor-element-d3d96ad elementor-section-boxed elementor-section-height-default elementor-section-height-default\" data-id=\"d3d96ad\" data-element_type=\"section\">\n\t\t\t\t\t\t<div class=\"elementor-container elementor-column-gap-default\">\n\t\t\t\t\t<div class=\"elementor-column elementor-col-50 elementor-top-column elementor-element elementor-element-cf5657f\" data-id=\"cf5657f\" data-element_type=\"column\">\n\t\t\t<div class=\"elementor-widget-wrap elementor-element-populated\">\n\t\t\t\t\t\t\t\t<div class=\"elementor-element elementor-element-442359d elementor-widget elementor-widget-image\" data-id=\"442359d\" data-element_type=\"widget\" data-widget_type=\"image.default\">\n\t\t\t\t<div class=\"elementor-widget-container\">\n\t\t\t\t\t\t\t\t\t\t\t\t\t\t\t<img loading=\"lazy\" decoding=\"async\" width=\"600\" height=\"400\" src=\"https:\/\/cairngold.de\/wp-content\/uploads\/2021\/11\/35379459.jpg\" class=\"attachment-large size-large\" alt=\"\" srcset=\"https:\/\/cairngold.de\/wp-content\/uploads\/2021\/11\/35379459.jpg 600w, https:\/\/cairngold.de\/wp-content\/uploads\/2021\/11\/35379459-300x200.jpg 300w\" sizes=\"auto, (max-width: 600px) 100vw, 600px\" \/>\t\t\t\t\t\t\t\t\t\t\t\t\t\t\t<\/div>\n\t\t\t\t<\/div>\n\t\t\t\t\t<\/div>\n\t\t<\/div>\n\t\t\t\t<div class=\"elementor-column elementor-col-50 elementor-top-column elementor-element elementor-element-630af4f\" data-id=\"630af4f\" data-element_type=\"column\">\n\t\t\t<div class=\"elementor-widget-wrap elementor-element-populated\">\n\t\t\t\t\t\t\t\t<div class=\"elementor-element elementor-element-767db5e elementor-widget elementor-widget-image\" data-id=\"767db5e\" data-element_type=\"widget\" data-widget_type=\"image.default\">\n\t\t\t\t<div class=\"elementor-widget-container\">\n\t\t\t\t\t\t\t\t\t\t\t\t\t\t\t<img loading=\"lazy\" decoding=\"async\" width=\"600\" height=\"400\" src=\"https:\/\/cairngold.de\/wp-content\/uploads\/2021\/11\/35379467.png\" class=\"attachment-large size-large\" alt=\"\" srcset=\"https:\/\/cairngold.de\/wp-content\/uploads\/2021\/11\/35379467.png 600w, https:\/\/cairngold.de\/wp-content\/uploads\/2021\/11\/35379467-300x200.png 300w\" sizes=\"auto, (max-width: 600px) 100vw, 600px\" \/>\t\t\t\t\t\t\t\t\t\t\t\t\t\t\t<\/div>\n\t\t\t\t<\/div>\n\t\t\t\t\t<\/div>\n\t\t<\/div>\n\t\t\t\t\t\t\t<\/div>\n\t\t<\/section>\n\t\t\t\t<section class=\"elementor-section elementor-top-section elementor-element elementor-element-649cd62 elementor-section-boxed elementor-section-height-default elementor-section-height-default\" data-id=\"649cd62\" data-element_type=\"section\">\n\t\t\t\t\t\t<div class=\"elementor-container elementor-column-gap-default\">\n\t\t\t\t\t<div class=\"elementor-column elementor-col-100 elementor-top-column elementor-element elementor-element-099f1ba\" data-id=\"099f1ba\" data-element_type=\"column\">\n\t\t\t<div class=\"elementor-widget-wrap elementor-element-populated\">\n\t\t\t\t\t\t\t\t<div class=\"elementor-element elementor-element-77ed403 elementor-widget elementor-widget-text-editor\" data-id=\"77ed403\" data-element_type=\"widget\" data-widget_type=\"text-editor.default\">\n\t\t\t\t<div class=\"elementor-widget-container\">\n\t\t\t\t\t\t\t<h4>18. Dezember: Shania wird endlich l\u00e4ufig!\u00a0<\/h4><p>Voraussichtlich wird Shania zum Jahresende von FTW Echobrook Dexster gedeckt! Sylvester in England!\u00a0<\/p><p>Wir w\u00fcnschen allen frohe Weihnachten und ein gutes neues Jahr &#8211; uns w\u00fcnschen wir einen wunderbaren gesunden A-Wurf. Da Shania sp\u00e4ter l\u00e4ufig wurde rechnen wir Anfang M\u00e4rz mit dem Nachwuchs :)))!<\/p><p>\u00a0<\/p><h2>Oktober<\/h2><h4>25. Oktober: Rems-Murr-Cup<\/h4><p>Zum Saisonende hat es geklappt &#8211; Shania hat Ihren ersten Workingtest (beim dritten Versuch, innerhalb von drei Wochen) in der &#8222;Offenen&#8220; mit &#8222;gut&#8220; bestanden!<\/p><p>Nun warten wir auf Shanias L\u00e4ufigkeit und die hoffentlich erfolgreiche Fahrt nach England!<\/p>\t\t\t\t\t\t<\/div>\n\t\t\t\t<\/div>\n\t\t\t\t\t<\/div>\n\t\t<\/div>\n\t\t\t\t\t\t\t<\/div>\n\t\t<\/section>\n\t\t\t\t<section class=\"elementor-section elementor-top-section elementor-element elementor-element-9e4c898 elementor-section-boxed elementor-section-height-default elementor-section-height-default\" data-id=\"9e4c898\" data-element_type=\"section\">\n\t\t\t\t\t\t<div class=\"elementor-container elementor-column-gap-default\">\n\t\t\t\t\t<div class=\"elementor-column elementor-col-50 elementor-top-column elementor-element elementor-element-e2ed299\" data-id=\"e2ed299\" data-element_type=\"column\">\n\t\t\t<div class=\"elementor-widget-wrap elementor-element-populated\">\n\t\t\t\t\t\t\t\t<div class=\"elementor-element elementor-element-a74aebb elementor-widget elementor-widget-image\" data-id=\"a74aebb\" data-element_type=\"widget\" data-widget_type=\"image.default\">\n\t\t\t\t<div class=\"elementor-widget-container\">\n\t\t\t\t\t\t\t\t\t\t\t\t\t\t\t<img loading=\"lazy\" decoding=\"async\" width=\"600\" height=\"401\" src=\"https:\/\/cairngold.de\/wp-content\/uploads\/2021\/11\/34990862.jpg\" class=\"attachment-large size-large\" alt=\"\" srcset=\"https:\/\/cairngold.de\/wp-content\/uploads\/2021\/11\/34990862.jpg 600w, https:\/\/cairngold.de\/wp-content\/uploads\/2021\/11\/34990862-300x201.jpg 300w\" sizes=\"auto, (max-width: 600px) 100vw, 600px\" \/>\t\t\t\t\t\t\t\t\t\t\t\t\t\t\t<\/div>\n\t\t\t\t<\/div>\n\t\t\t\t\t<\/div>\n\t\t<\/div>\n\t\t\t\t<div class=\"elementor-column elementor-col-50 elementor-top-column elementor-element elementor-element-459dd80\" data-id=\"459dd80\" data-element_type=\"column\">\n\t\t\t<div class=\"elementor-widget-wrap elementor-element-populated\">\n\t\t\t\t\t\t\t\t<div class=\"elementor-element elementor-element-25de078 elementor-widget elementor-widget-image\" data-id=\"25de078\" data-element_type=\"widget\" data-widget_type=\"image.default\">\n\t\t\t\t<div class=\"elementor-widget-container\">\n\t\t\t\t\t\t\t\t\t\t\t\t\t\t\t<img loading=\"lazy\" decoding=\"async\" width=\"600\" height=\"401\" src=\"https:\/\/cairngold.de\/wp-content\/uploads\/2021\/11\/34990866.jpg\" class=\"attachment-large size-large\" alt=\"\" srcset=\"https:\/\/cairngold.de\/wp-content\/uploads\/2021\/11\/34990866.jpg 600w, https:\/\/cairngold.de\/wp-content\/uploads\/2021\/11\/34990866-300x201.jpg 300w\" sizes=\"auto, (max-width: 600px) 100vw, 600px\" \/>\t\t\t\t\t\t\t\t\t\t\t\t\t\t\t<\/div>\n\t\t\t\t<\/div>\n\t\t\t\t\t<\/div>\n\t\t<\/div>\n\t\t\t\t\t\t\t<\/div>\n\t\t<\/section>\n\t\t\t\t<section class=\"elementor-section elementor-top-section elementor-element elementor-element-4947e4f elementor-section-boxed elementor-section-height-default elementor-section-height-default\" data-id=\"4947e4f\" data-element_type=\"section\">\n\t\t\t\t\t\t<div class=\"elementor-container elementor-column-gap-default\">\n\t\t\t\t\t<div class=\"elementor-column elementor-col-100 elementor-top-column elementor-element elementor-element-9f7e3e0\" data-id=\"9f7e3e0\" data-element_type=\"column\">\n\t\t\t<div class=\"elementor-widget-wrap elementor-element-populated\">\n\t\t\t\t\t\t\t\t<div class=\"elementor-element elementor-element-a63c20e elementor-widget elementor-widget-text-editor\" data-id=\"a63c20e\" data-element_type=\"widget\" data-widget_type=\"text-editor.default\">\n\t\t\t\t<div class=\"elementor-widget-container\">\n\t\t\t\t\t\t\t<h4>18. Oktober: WT im Bayrischen Land<\/h4><p>Unser zweiter Versuch in der O klappte leider auch nicht. Super gestartet, Einbruch und sehr sch\u00f6n aufgeh\u00f6rt! Trotz allem konnten wir weitere Erfahrungen in der O sammeln.<\/p><h4>10. -12. Oktober: Work and Help<\/h4><p>Seminar und WT in Rabenau: Super Trainer und ein sehr sch\u00f6ner, aber auch anspruchsvoller Workingtest. Erster Start onersten Start in O brachte uns von f\u00fcnf Aufgaben zwar eine Null, die anderen Aufgaben konnten wir jedoch recht ordentlich l\u00f6sen. Dabei wurde mein k\u00fcrzlich gekauftes Wohnmobil eingeweiht.<\/p><h2>September<\/h2><h4>Trainingsferien in Frankreich vom 06. bis 15. September:<\/h4><p>Sch\u00f6ne Erinnerungen vom Training bei herrlicher Landschaft am Jagdschlo\u00df in Melisey.\u00a0<\/p>\t\t\t\t\t\t<\/div>\n\t\t\t\t<\/div>\n\t\t\t\t<div class=\"elementor-element elementor-element-afaf8d0 elementor-widget elementor-widget-image\" data-id=\"afaf8d0\" data-element_type=\"widget\" data-widget_type=\"image.default\">\n\t\t\t\t<div class=\"elementor-widget-container\">\n\t\t\t\t\t\t\t\t\t\t\t\t\t\t\t<img loading=\"lazy\" decoding=\"async\" width=\"600\" height=\"400\" src=\"https:\/\/cairngold.de\/wp-content\/uploads\/2021\/11\/34808918.jpg\" class=\"attachment-large size-large\" alt=\"\" srcset=\"https:\/\/cairngold.de\/wp-content\/uploads\/2021\/11\/34808918.jpg 600w, https:\/\/cairngold.de\/wp-content\/uploads\/2021\/11\/34808918-300x200.jpg 300w\" sizes=\"auto, (max-width: 600px) 100vw, 600px\" \/>\t\t\t\t\t\t\t\t\t\t\t\t\t\t\t<\/div>\n\t\t\t\t<\/div>\n\t\t\t\t\t<\/div>\n\t\t<\/div>\n\t\t\t\t\t\t\t<\/div>\n\t\t<\/section>\n\t\t\t\t<section class=\"elementor-section elementor-top-section elementor-element elementor-element-6e02af9 elementor-section-boxed elementor-section-height-default elementor-section-height-default\" data-id=\"6e02af9\" data-element_type=\"section\">\n\t\t\t\t\t\t<div class=\"elementor-container elementor-column-gap-default\">\n\t\t\t\t\t<div class=\"elementor-column elementor-col-50 elementor-top-column elementor-element elementor-element-e3cc21d\" data-id=\"e3cc21d\" data-element_type=\"column\">\n\t\t\t<div class=\"elementor-widget-wrap elementor-element-populated\">\n\t\t\t\t\t\t\t\t<div class=\"elementor-element elementor-element-7d2f0be elementor-widget elementor-widget-image\" data-id=\"7d2f0be\" data-element_type=\"widget\" data-widget_type=\"image.default\">\n\t\t\t\t<div class=\"elementor-widget-container\">\n\t\t\t\t\t\t\t\t\t\t\t\t\t\t\t<img loading=\"lazy\" decoding=\"async\" width=\"600\" height=\"400\" src=\"https:\/\/cairngold.de\/wp-content\/uploads\/2021\/11\/34808947.jpg\" class=\"attachment-large size-large\" alt=\"\" srcset=\"https:\/\/cairngold.de\/wp-content\/uploads\/2021\/11\/34808947.jpg 600w, https:\/\/cairngold.de\/wp-content\/uploads\/2021\/11\/34808947-300x200.jpg 300w\" sizes=\"auto, (max-width: 600px) 100vw, 600px\" \/>\t\t\t\t\t\t\t\t\t\t\t\t\t\t\t<\/div>\n\t\t\t\t<\/div>\n\t\t\t\t\t<\/div>\n\t\t<\/div>\n\t\t\t\t<div class=\"elementor-column elementor-col-50 elementor-top-column elementor-element elementor-element-9149d81\" data-id=\"9149d81\" data-element_type=\"column\">\n\t\t\t<div class=\"elementor-widget-wrap elementor-element-populated\">\n\t\t\t\t\t\t\t\t<div class=\"elementor-element elementor-element-b14b9ab elementor-widget elementor-widget-image\" data-id=\"b14b9ab\" data-element_type=\"widget\" data-widget_type=\"image.default\">\n\t\t\t\t<div class=\"elementor-widget-container\">\n\t\t\t\t\t\t\t\t\t\t\t\t\t\t\t<img loading=\"lazy\" decoding=\"async\" width=\"600\" height=\"400\" src=\"https:\/\/cairngold.de\/wp-content\/uploads\/2021\/11\/34808989.jpg\" class=\"attachment-large size-large\" alt=\"\" srcset=\"https:\/\/cairngold.de\/wp-content\/uploads\/2021\/11\/34808989.jpg 600w, https:\/\/cairngold.de\/wp-content\/uploads\/2021\/11\/34808989-300x200.jpg 300w\" sizes=\"auto, (max-width: 600px) 100vw, 600px\" \/>\t\t\t\t\t\t\t\t\t\t\t\t\t\t\t<\/div>\n\t\t\t\t<\/div>\n\t\t\t\t\t<\/div>\n\t\t<\/div>\n\t\t\t\t\t\t\t<\/div>\n\t\t<\/section>\n\t\t\t\t<section class=\"elementor-section elementor-top-section elementor-element elementor-element-d94c535 elementor-section-boxed elementor-section-height-default elementor-section-height-default\" data-id=\"d94c535\" data-element_type=\"section\">\n\t\t\t\t\t\t<div class=\"elementor-container elementor-column-gap-default\">\n\t\t\t\t\t<div class=\"elementor-column elementor-col-100 elementor-top-column elementor-element elementor-element-11fef9a\" data-id=\"11fef9a\" data-element_type=\"column\">\n\t\t\t<div class=\"elementor-widget-wrap elementor-element-populated\">\n\t\t\t\t\t\t\t\t<div class=\"elementor-element elementor-element-e6f64e5 elementor-widget elementor-widget-text-editor\" data-id=\"e6f64e5\" data-element_type=\"widget\" data-widget_type=\"text-editor.default\">\n\t\t\t\t<div class=\"elementor-widget-container\">\n\t\t\t\t\t\t\t<h4>&#8230;und hier Shania mit Ihren Br\u00fcdern Twin (links au\u00dfen) und Carney (rechts au\u00dfen)<\/h4>\t\t\t\t\t\t<\/div>\n\t\t\t\t<\/div>\n\t\t\t\t<div class=\"elementor-element elementor-element-e055da2 elementor-widget elementor-widget-image\" data-id=\"e055da2\" data-element_type=\"widget\" data-widget_type=\"image.default\">\n\t\t\t\t<div class=\"elementor-widget-container\">\n\t\t\t\t\t\t\t\t\t\t\t\t\t\t\t<img loading=\"lazy\" decoding=\"async\" width=\"600\" height=\"400\" src=\"https:\/\/cairngold.de\/wp-content\/uploads\/2021\/11\/34808992.jpg\" class=\"attachment-large size-large\" alt=\"\" srcset=\"https:\/\/cairngold.de\/wp-content\/uploads\/2021\/11\/34808992.jpg 600w, https:\/\/cairngold.de\/wp-content\/uploads\/2021\/11\/34808992-300x200.jpg 300w\" sizes=\"auto, (max-width: 600px) 100vw, 600px\" \/>\t\t\t\t\t\t\t\t\t\t\t\t\t\t\t<\/div>\n\t\t\t\t<\/div>\n\t\t\t\t\t<\/div>\n\t\t<\/div>\n\t\t\t\t\t\t\t<\/div>\n\t\t<\/section>\n\t\t\t\t<section class=\"elementor-section elementor-top-section elementor-element elementor-element-bd92d27 elementor-section-boxed elementor-section-height-default elementor-section-height-default\" data-id=\"bd92d27\" data-element_type=\"section\">\n\t\t\t\t\t\t<div class=\"elementor-container elementor-column-gap-default\">\n\t\t\t\t\t<div class=\"elementor-column elementor-col-100 elementor-top-column elementor-element elementor-element-bd672f5\" data-id=\"bd672f5\" data-element_type=\"column\">\n\t\t\t<div class=\"elementor-widget-wrap elementor-element-populated\">\n\t\t\t\t\t\t\t\t<div class=\"elementor-element elementor-element-1a3e1a3 elementor-widget elementor-widget-text-editor\" data-id=\"1a3e1a3\" data-element_type=\"widget\" data-widget_type=\"text-editor.default\">\n\t\t\t\t<div class=\"elementor-widget-container\">\n\t\t\t\t\t\t\t<h2>August<\/h2><h4>Der Deckr\u00fcde steht fest!<\/h4><p>Meine Reise nach England hat sich gelohnt! Echobrook Dexster von Jaqui Crew hat alles worauf ich besonderen Wert lege. Seine Gesundheitsergebnisse sind gut, er ist ein freundlicher, wesensfester und arbeitsfreudiger R\u00fcde mit dem gewissen &#8222;Etwas&#8220;. Ganz zu schweigen von seiner Sch\u00f6nheit ;-)).<\/p><p>Bei meinem Besuch bei Jacqui Crew erhielt ich die Gelegenheit Dexster bei der Arbeit zuzuschauen &#8211; eine reine Freude. Auch in seinem Zuhause gl\u00e4nzte er mit seinem freundlichen und ausgeglichenen Wesen.<\/p><p>\u00a0<\/p>\t\t\t\t\t\t<\/div>\n\t\t\t\t<\/div>\n\t\t\t\t\t<\/div>\n\t\t<\/div>\n\t\t\t\t\t\t\t<\/div>\n\t\t<\/section>\n\t\t\t\t<section class=\"elementor-section elementor-top-section elementor-element elementor-element-25b5be5 elementor-section-boxed elementor-section-height-default elementor-section-height-default\" data-id=\"25b5be5\" data-element_type=\"section\">\n\t\t\t\t\t\t<div class=\"elementor-container elementor-column-gap-default\">\n\t\t\t\t\t<div class=\"elementor-column elementor-col-50 elementor-top-column elementor-element elementor-element-9957a8e\" data-id=\"9957a8e\" data-element_type=\"column\">\n\t\t\t<div class=\"elementor-widget-wrap elementor-element-populated\">\n\t\t\t\t\t\t\t\t<div class=\"elementor-element elementor-element-98d4b84 elementor-widget elementor-widget-image\" data-id=\"98d4b84\" data-element_type=\"widget\" data-widget_type=\"image.default\">\n\t\t\t\t<div class=\"elementor-widget-container\">\n\t\t\t\t\t\t\t\t\t\t\t\t\t\t\t<img loading=\"lazy\" decoding=\"async\" width=\"600\" height=\"400\" src=\"https:\/\/cairngold.de\/wp-content\/uploads\/2021\/11\/34365262.jpg\" class=\"attachment-large size-large\" alt=\"\" srcset=\"https:\/\/cairngold.de\/wp-content\/uploads\/2021\/11\/34365262.jpg 600w, https:\/\/cairngold.de\/wp-content\/uploads\/2021\/11\/34365262-300x200.jpg 300w\" sizes=\"auto, (max-width: 600px) 100vw, 600px\" \/>\t\t\t\t\t\t\t\t\t\t\t\t\t\t\t<\/div>\n\t\t\t\t<\/div>\n\t\t\t\t\t<\/div>\n\t\t<\/div>\n\t\t\t\t<div class=\"elementor-column elementor-col-50 elementor-top-column elementor-element elementor-element-1334282\" data-id=\"1334282\" data-element_type=\"column\">\n\t\t\t<div class=\"elementor-widget-wrap elementor-element-populated\">\n\t\t\t\t\t\t\t\t<div class=\"elementor-element elementor-element-95be7e3 elementor-widget elementor-widget-image\" data-id=\"95be7e3\" data-element_type=\"widget\" data-widget_type=\"image.default\">\n\t\t\t\t<div class=\"elementor-widget-container\">\n\t\t\t\t\t\t\t\t\t\t\t\t\t\t\t<img loading=\"lazy\" decoding=\"async\" width=\"600\" height=\"400\" src=\"https:\/\/cairngold.de\/wp-content\/uploads\/2021\/11\/34365264.jpg\" class=\"attachment-large size-large\" alt=\"\" srcset=\"https:\/\/cairngold.de\/wp-content\/uploads\/2021\/11\/34365264.jpg 600w, https:\/\/cairngold.de\/wp-content\/uploads\/2021\/11\/34365264-300x200.jpg 300w\" sizes=\"auto, (max-width: 600px) 100vw, 600px\" \/>\t\t\t\t\t\t\t\t\t\t\t\t\t\t\t<\/div>\n\t\t\t\t<\/div>\n\t\t\t\t\t<\/div>\n\t\t<\/div>\n\t\t\t\t\t\t\t<\/div>\n\t\t<\/section>\n\t\t\t\t<section class=\"elementor-section elementor-top-section elementor-element elementor-element-51523b4 elementor-section-boxed elementor-section-height-default elementor-section-height-default\" data-id=\"51523b4\" data-element_type=\"section\">\n\t\t\t\t\t\t<div class=\"elementor-container elementor-column-gap-default\">\n\t\t\t\t\t<div class=\"elementor-column elementor-col-100 elementor-top-column elementor-element elementor-element-f6ae8b2\" data-id=\"f6ae8b2\" data-element_type=\"column\">\n\t\t\t<div class=\"elementor-widget-wrap elementor-element-populated\">\n\t\t\t\t\t\t\t\t<div class=\"elementor-element elementor-element-d80d72f elementor-widget elementor-widget-text-editor\" data-id=\"d80d72f\" data-element_type=\"widget\" data-widget_type=\"text-editor.default\">\n\t\t\t\t<div class=\"elementor-widget-container\">\n\t\t\t\t\t\t\t<h2>April<\/h2><h5>Ostern Open<\/h5><p>Beim Ostern Open in Freiburg hat Shania in der F-Klasse mit &#8222;sehr gut&#8220; bestanden!<\/p><h5>Biber Cup<\/h5><p>12. April: unser 1. Teamworkingtest mit Conner in O und Twin in A, Shania startete in F, da sie aber lieber die Aufgaben der Open machen wollte, brachte sie mir in einer Aufgabe eine Null.<\/p><p>\u00a0<\/p><hr \/><h2>M\u00e4rz<\/h2><h5>Workingtest Wilder S\u00fcden am 29.03.2014<\/h5><p>Shania startete in der fortgeschrittenen Klasse und kam mit einem &#8222;sehr gut&#8220; nach Hause.<\/p>\t\t\t\t\t\t<\/div>\n\t\t\t\t<\/div>\n\t\t\t\t\t<\/div>\n\t\t<\/div>\n\t\t\t\t\t\t\t<\/div>\n\t\t<\/section>\n\t\t\t\t\t\t<\/div>\n\t\t\t\t\t<\/div>\n\t\t","protected":false},"excerpt":{"rendered":"<p>Dezember 31. Dezember: England Bonniebrook&#8217;s Cairn Shania wurde heute von Echobrook Dexster gedeckt! Wenn alles klappt werden Anfang M\u00e4rz Cairngold&#8217;s A-chen erwartet! 18. Dezember: &hellip; <a href=\"https:\/\/cairngold.de\/index.php\/2014-2\/\" class=\"readmore\">More <span class=\"screen-reader-text\">2014<\/span> &raquo;<\/a><\/p>\n","protected":false},"author":1,"featured_media":0,"parent":0,"menu_order":0,"comment_status":"closed","ping_status":"closed","template":"elementor_header_footer","meta":{"footnotes":""},"class_list":["post-464","page","type-page","status-publish","hentry"],"_links":{"self":[{"href":"https:\/\/cairngold.de\/index.php\/wp-json\/wp\/v2\/pages\/464","targetHints":{"allow":["GET"]}}],"collection":[{"href":"https:\/\/cairngold.de\/index.php\/wp-json\/wp\/v2\/pages"}],"about":[{"href":"https:\/\/cairngold.de\/index.php\/wp-json\/wp\/v2\/types\/page"}],"author":[{"embeddable":true,"href":"https:\/\/cairngold.de\/index.php\/wp-json\/wp\/v2\/users\/1"}],"replies":[{"embeddable":true,"href":"https:\/\/cairngold.de\/index.php\/wp-json\/wp\/v2\/comments?post=464"}],"version-history":[{"count":14,"href":"https:\/\/cairngold.de\/index.php\/wp-json\/wp\/v2\/pages\/464\/revisions"}],"predecessor-version":[{"id":725,"href":"https:\/\/cairngold.de\/index.php\/wp-json\/wp\/v2\/pages\/464\/revisions\/725"}],"wp:attachment":[{"href":"https:\/\/cairngold.de\/index.php\/wp-json\/wp\/v2\/media?parent=464"}],"curies":[{"name":"wp","href":"https:\/\/api.w.org\/{rel}","templated":true}]}}